reatest common divisor of 403 and 52?
13
What is the greatest common divisor of 35 and 1085?
35
What is the highest common factor of 678 and 48?
6
What is the highest common divisor of 1771 and 2093?
161
Calculate the greatest common factor of 420 and 455.
35
What is the highest common divisor of 4137 and 28?
7
What is the highest common divisor of 36 and 9?
9
Calculate the highest common factor of 506 and 26059.
253
What is the greatest common factor of 300 and 12?
12
Calculate the highest common divisor of 26 and 18616.
26
Calculate the highest common factor of 10 and 40.
10
Calculate the highest common divisor of 291 and 15.
3
Calculate the highest common factor of 10 and 10.
10
What is the greatest common divisor of 48 and 276?
12
What is the highest common factor of 12 and 246?
6
What is the greatest common divisor of 276 and 12?
12
Calculate the greatest common factor of 55 and 220.
55
Calculate the greatest common divisor of 4692 and 748.
68
What is the greatest common divisor of 3 and 27?
3
What is the highest common divisor of 56 and 392?
56
What is the highest common divisor of 698 and 4?
2
What is the greatest common divisor of 10261 and 155?
31
What is the highest common divisor of 126 and 45?
9
What is the highest common divisor of 26 and 2?
2
What is the highest common factor of 18 and 1014?
6
Calculate the highest common divisor of 114 and 2109.
57
Calculate the highest common factor of 78 and 24.
6
Calculate the greatest common divisor of 13 and 1313.
13
Calculate the highest common divisor of 8840 and 68.
68
Calculate the greatest common divisor of 183 and 793.
61
Calculate the greatest common factor of 11371 and 137.
137
What is the highest common divisor of 2970 and 440?
110
Calculate the highest common divisor of 54 and 54.
54
Calculate the greatest common divisor of 8454 and 6.
6
Calculate the highest common divisor of 2730 and 20.
10
What is the greatest common divisor of 2489 and 655?
131
Calculate the greatest common divisor of 75 and 35265.
15
Calculate the greatest common divisor of 6556 and 44.
44
Calculate the highest common divisor of 391 and 731.
17
Calculate the highest common divisor of 208 and 4784.
208
What is the highest common factor of 506 and 352?
22
What is the highest common divisor of 30 and 15?
15
Calculate the greatest common factor of 5 and 157.
1
Calculate the greatest common factor of 656 and 16.
16
Calculate the highest common factor of 315 and 285.
15
Calculate the highest common divisor of 88 and 55.
11
Calculate the greatest common divisor of 36 and 24.
12
What is the greatest common divisor of 2193 and 34?
17
Calculate the greatest common factor of 880 and 80.
80
Calculate the greatest common divisor of 210 and 315.
105
Calculate the greatest common divisor of 114 and 6099.
57
What is the greatest common factor of 24228 and 36?
36
Calculate the greatest common divisor of 6400 and 850.
50
Calculate the greatest common factor of 97 and 2.
1
Calculate the greatest common divisor of 5 and 40.
5
Calculate the highest common factor of 135 and 240.
15
What is the greatest common factor of 57 and 87?
3
What is the highest common divisor of 7 and 28?
7
Calculate the highest common factor of 76 and 950.
38
What is the greatest common divisor of 2775 and 1425?
75
Calculate the greatest common factor of 112 and 7000.
56
What is the greatest common factor of 81 and 12?
3
Calculate the greatest common divisor of 312 and 234.
78
Calculate the highest common factor of 16813 and 51.
17
What is the greatest common factor of 78 and 49218?
78
What is the highest common divisor of 153 and 119?
17
What is the highest common factor of 592 and 999?
37
What is the highest common factor of 35 and 3115?
35
Calculate the highest common factor of 525 and 12.
3
What is the greatest common divisor of 9 and 306?
9
What is the highest common factor of 67 and 737?
67
Calculate the highest common factor of 15732 and 92.
92
Calculate the greatest common divisor of 1792 and 7.
7
Calculate the greatest common divisor of 3253 and 1.
1
What is the greatest common factor of 84 and 105?
21
What is the greatest common factor of 494 and 304?
38
What is the highest common divisor of 3995 and 255?
85
Calculate the greatest common factor of 185 and 2183.
37
What is the greatest common factor of 66285 and 15?
15
What is the greatest common factor of 94 and 64202?
94
Calculate the greatest common factor of 656 and 80.
16
Calculate the highest common factor of 1117 and 3.
1
Calculate the greatest common factor of 1010 and 640.
10
What is the highest common factor of 3519 and 46?
23
What is the highest common factor of 627 and 171?
57
Calculate the highest common factor of 28 and 126.
14
What is the highest common factor of 36 and 1476?
36
What is the highest common divisor of 1425 and 95?
95
What is the highest common divisor of 27 and 351?
27
Calculate the highest common divisor of 32 and 4832.
32
What is the greatest common divisor of 1224 and 72?
72
Calculate the highest common divisor of 1253 and 28.
7
What is the highest common factor of 187 and 68?
17
Calculate the greatest common divisor of 224 and 96.
32
Calculate the highest common factor of 8695 and 185.
185
What is the highest common divisor of 4 and 2252?
4
What is the greatest common divisor of 20 and 16?
4
What is the greatest common divisor of 23299 and 161?
23
What is the greatest common factor of 3355 and 55?
55
Calculate the greatest common divisor of 30 and 42.
6
Calculate the greatest common factor of 46839 and 26.
13
What is the highest common factor of 576 and 56?
8
Calculate the highest common factor of 1512 and 112.
56
What is the greatest common factor of 40 and 5540?
20
Calculate the greatest common divisor of 575 and 50.
25
What is the greatest common divisor of 990 and 1430?
110
Calculate the highest common divisor of 323 and 57.
19
Calculate the highest common divisor of 92 and 115.
23
Calculate the greatest common divisor of 108 and 234.
18
Calculate the highest common divisor of 30 and 12.
6
What is the highest common divisor of 3247 and 17?
17
What is the highest common factor of 105 and 35?
35
Calculate the greatest common divisor of 6 and 186.
6
What is the highest common divisor of 1 and 107?
1
Calculate the highest common factor of 52 and 2717.
13
What is the greatest common divisor of 24 and 128?
8
What is the greatest common divisor of 138 and 18?
6
What is the greatest common divisor of 336 and 189?
21
Calculate the highest common factor of 85 and 17.
17
What is the highest common divisor of 518 and 185?
37
What is the greatest common divisor of 288 and 9?
9
What is the highest common divisor of 30622 and 122?
122
Calculate the greatest common divisor of 66 and 1892.
22
Calculate the highest common factor of 38730 and 60.
30
Calculate the greatest common divisor of 3822 and 39.
39
What is the greatest common factor of 270 and 10?
10
What is the greatest common divisor of 189 and 54?
27
What is the highest common factor of 2112 and 33?
33
Calculate the highest common divisor of 85 and 35785.
85
Calculate the greatest common divisor of 805 and 8165.
115
Calculate the greatest common factor of 1221 and 666.
111
What is the highest common divisor of 88 and 484?
44
What is the highest common divisor of 98 and 518?
14
Calculate the greatest common divisor of 6612 and 228.
228
What is the highest common divisor of 8 and 292?
4
Calculate the greatest common factor of 10 and 250.
10
What is the highest common factor of 42 and 3549?
21
What is the greatest common factor of 459 and 17?
17
What is the greatest common factor of 162 and 50625?
81
What is the highest common divisor of 505 and 101?
101
What is the greatest common factor of 250 and 150?
50
Calculate the greatest common factor of 7 and 4.
1
What is the highest common factor of 105 and 24087?
21
Calculate the highest common factor of 38 and 2090.
38
Calculate the highest common factor of 11786 and 332.
166
What is the greatest common divisor of 858 and 156?
78
Calculate the greatest common factor of 16515 and 30.
15
What is the greatest common factor of 262 and 5895?
131
What is the greatest common divisor of 18 and 1251?
9
Calculate the greatest common factor of 50 and 20.
10
What is the greatest com